{"id":2,"date":"2016-05-10T03:48:21","date_gmt":"2016-05-10T03:48:21","guid":{"rendered":"http:\/\/wiktorski.expert\/?page_id=2"},"modified":"2018-12-30T18:22:18","modified_gmt":"2018-12-30T18:22:18","slug":"sample-page","status":"publish","type":"page","link":"http:\/\/wiktorski.expert\/?page_id=2","title":{"rendered":"Kontakt"},"content":{"rendered":"<p>Poniewa\u017c wierz\u0119, \u017ce dzi\u0119ki \u0142adnym wn\u0119trzom ludzie s\u0105 szcz\u0119\u015bliwsi i mog\u0105 osi\u0105ga\u0107 wi\u0119cej, chc\u0119, aby jak najwi\u0119cej os\u00f3b mog\u0142o otacza\u0107 si\u0119 pi\u0119knymi przedmiotami &#8211; mieszka\u0107, pracowa\u0107 i uczy\u0107 si\u0119 w pi\u0119knych i funkcjonalnych pomieszczeniach.<\/p>\n<p>Co robi\u0119? Rozwijam kompetencje i anga\u017cuj\u0119 si\u0119 w projekty dotycz\u0105ce kszta\u0142towania przestrzeni, designu, produkcji mebli i handlu meblami w zakresie B+R, analiz, strategii i polityk. Pe\u0142ni\u0119 funkcje doradcy, konsultanta, eksperta, m\u00f3wcy, trenera.<\/p>\n<p>Je\u015bli masz interesuj\u0105cy projekt dotycz\u0105cy mebli, designu lub nowoczesnych technologii i szukasz doradcy zapraszam do kontaktu.<\/p>\n<p>Aby zada\u0107 pytanie lub nawi\u0105za\u0107 kontakt proponuj\u0119 przes\u0142a\u0107 wiadomo\u015b\u0107 na adres:\u00a0<em>tomek ( at ) wiktorski . expert<\/em><\/p>\n<p>Mo\u017cesz r\u00f3wnie\u017c nawi\u0105za\u0107 kontakt poprzez LinkedIn:\u00a0<a href=\"http:\/\/www.linkedin.com\/in\/tomaszwiktorski\"><span class=\"domain\">www.linkedin.com\/in\/<\/span><span class=\"vanity-name\">tomaszwiktorski<\/span><\/a><\/p>\n<p>Messenger:\u00a0<a href=\"https:\/\/www.messenger.com\/t\/tomek.wiktorski\">www.messenger.com\/t\/tomek.wiktorski<\/a><\/p>\n\n\n<p><\/p>\n","protected":false},"excerpt":{"rendered":"<p>Poniewa\u017c wierz\u0119, \u017ce dzi\u0119ki \u0142adnym wn\u0119trzom ludzie s\u0105 szcz\u0119\u015bliwsi i mog\u0105 osi\u0105ga\u0107 wi\u0119cej, chc\u0119, aby jak najwi\u0119cej os\u00f3b mog\u0142o otacza\u0107 si\u0119 pi\u0119knymi przedmiotami &#8211; mieszka\u0107, pracowa\u0107 i uczy\u0107 si\u0119 w pi\u0119knych i funkcjonalnych pomieszczeniach. Co robi\u0119? Rozwijam kompetencje i anga\u017cuj\u0119 si\u0119 w projekty dotycz\u0105ce kszta\u0142towania przestrzeni, designu, produkcji mebli i handlu meblami w zakresie B+R, &hellip; <\/p>\n<p class=\"link-more\"><a href=\"http:\/\/wiktorski.expert\/?page_id=2\" class=\"more-link\">Czytaj dalej<span class=\"screen-reader-text\"> \u201eKontakt\u201d<\/span><\/a><\/p>\n","protected":false},"author":1,"featured_media":0,"parent":0,"menu_order":0,"comment_status":"closed","ping_status":"open","template":"","meta":{"footnotes":""},"class_list":["post-2","page","type-page","status-publish","hentry"],"_links":{"self":[{"href":"http:\/\/wiktorski.expert\/index.php?rest_route=\/wp\/v2\/pages\/2","targetHints":{"allow":["GET"]}}],"collection":[{"href":"http:\/\/wiktorski.expert\/index.php?rest_route=\/wp\/v2\/pages"}],"about":[{"href":"http:\/\/wiktorski.expert\/index.php?rest_route=\/wp\/v2\/types\/page"}],"author":[{"embeddable":true,"href":"http:\/\/wiktorski.expert\/index.php?rest_route=\/wp\/v2\/users\/1"}],"replies":[{"embeddable":true,"href":"http:\/\/wiktorski.expert\/index.php?rest_route=%2Fwp%2Fv2%2Fcomments&post=2"}],"version-history":[{"count":5,"href":"http:\/\/wiktorski.expert\/index.php?rest_route=\/wp\/v2\/pages\/2\/revisions"}],"predecessor-version":[{"id":299,"href":"http:\/\/wiktorski.expert\/index.php?rest_route=\/wp\/v2\/pages\/2\/revisions\/299"}],"wp:attachment":[{"href":"http:\/\/wiktorski.expert\/index.php?rest_route=%2Fwp%2Fv2%2Fmedia&parent=2"}],"curies":[{"name":"wp","href":"https:\/\/api.w.org\/{rel}","templated":true}]}}

<p>Ponieważ wierzę, że dzięki ładnym wnętrzom ludzie są szczęśliwsi i mogą osiągać więcej, chcę, aby jak najwięcej osób mogło otaczać się pięknymi przedmiotami &#8211; mieszkać, pracować i uczyć się w pięknych i funkcjonalnych pomieszczeniach.</p>
<p>Co robię? Rozwijam kompetencje i angażuję się w projekty dotyczące kształtowania przestrzeni, designu, produkcji mebli i handlu meblami w zakresie B+R, analiz, strategii i polityk. Pełnię funkcje doradcy, konsultanta, eksperta, mówcy, trenera.</p>
<p>Jeśli masz interesujący projekt dotyczący mebli, designu lub nowoczesnych technologii i szukasz doradcy zapraszam do kontaktu.</p>
<p>Aby zadać pytanie lub nawiązać kontakt proponuję przesłać wiadomość na adres: <em>tomek ( at ) wiktorski . expert</em></p>
<p>Możesz również nawiązać kontakt poprzez LinkedIn: <a href="http://www.linkedin.com/in/tomaszwiktorski"><span class="domain">www.linkedin.com/in/</span><span class="vanity-name">tomaszwiktorski</span></a></p>
<p>Messenger: <a href="https://www.messenger.com/t/tomek.wiktorski">www.messenger.com/t/tomek.wiktorski</a></p>


<p></p>

<p>Ponieważ wierzę, że dzięki ładnym wnętrzom ludzie są szczęśliwsi i mogą osiągać więcej, chcę, aby jak najwięcej osób mogło otaczać się pięknymi przedmiotami &#8211; mieszkać, pracować i uczyć się w pięknych i funkcjonalnych pomieszczeniach. Co robię? Rozwijam kompetencje i angażuję się w projekty dotyczące kształtowania przestrzeni, designu, produkcji mebli i handlu meblami w zakresie B+R, &hellip; </p>
<p class="link-more"><a href="http://wiktorski.expert/?page_id=2" class="more-link">Czytaj dalej<span class="screen-reader-text"> „Kontakt”</span></a></p>
